(1 - 2) + 1. Suppose 41 + l = 6*a. What is the greatest common divisor of 34 and a?
17
Let f(a) = 8*a + 12. Let w be f(10). Let m be ((-18)/12)/((-1)/w). Calculate the highest common divisor of m and 23.
23
Let z(f) = f**2 + 3*f - 2. Let v(m) = m - 2. Let o be v(-2). Let u be z(o). Let q be 3*u/(-3) - -37. Calculate the greatest common factor of 14 and q.
7
Let t be (-18)/4*(-16)/6. Suppose -5*h - t = -132. What is the greatest common factor of h and 6?
6
Suppose -2*p - q + 23 = 127, 0 = 4*q. Let l = p - 24. Let g = l + 120. What is the highest common divisor of g and 4?
4
Let u(i) = i**2 + 2. Suppose 0 = -0*g + 4*g. Let n be u(g). Let k = n - -3. Calculate the highest common factor of 20 and k.
5
Let t be -16*((-3)/(-2) - 3). Calculate the highest common factor of t and 72.
24
Let m = -68 + 77. Calculate the highest common divisor of m and 72.
9
Suppose -2*w + 4*w = 88. What is the greatest common factor of w and 11?
11
Let w(f) = -f + 7. Let v be w(5). Suppose -v*b + a - 2*a = -7, 0 = -b - a + 6. Let c be 30/3 - 2*b. What is the greatest common factor of c and 32?
8
Let h be (-1*(-4 - -4))/(-3). Suppose h = 9*d - 14*d + 15. What is the greatest common factor of 6 and d?
3
Suppose 4*p = -t + 20, -4*t + p + 4 = -2*p. Suppose 44 = 4*b - t. Calculate the highest common divisor of b and 6.
6
Suppose 11*u - 135 = 6*u. Suppose u = -3*j + 72. Let f = 11 + -6. Calculate the greatest common factor of f and j.
5
Let d(v) = 3*v - 2. Let z be d(6). What is the greatest common divisor of 64 and z?
16
Suppose 2*j + 4*p = 5*p + 114, 5*j + p = 271. Let q be 9/7 + 6/(-21). Let s = q + 4. What is the highest common divisor of j and s?
5
Suppose t - 19 = -3*l - 0*l, 0 = -5*l - 5*t + 35. What is the greatest common divisor of l and 24?
6
Suppose 4*q - 12 = q. What is the highest common factor of 16 and q?
4
Suppose 0*q + 5 = q. Calculate the highest common factor of q and 5.
5
Let g = -40 - -27. Let p = g - -22. Let v(d) = -d**3 - 16*d**2 - 18*d - 18. Let j be v(-15). What is the highest common divisor of j and p?
9
Let k = 32 - 8. Calculate the highest common divisor of k and 36.
12
Suppose -12 = -2*j + 10. What is the highest common divisor of j and 77?
11
Let c(x) = 2*x**2 - x + 1. Let m be c(2). Suppose 2*i - m*i + 5 = 0. Let g be i*(-27)/(-3) + 1. Calculate the highest common divisor of 40 and g.
10
Let l be -1 + 5 - (-58)/2. Calculate the highest common divisor of l and 11.
11
Let n(w) = -w + 2. Let l be n(2). Suppose -4*k + 0 + 48 = l. Calculate the highest common factor of k and 108.
12
Suppose -4*g - g + 20 = 0. Suppose -g*y + 7*y = 36. What is the highest common factor of y and 108?
12
Let w = 31 - 8. What is the highest common factor of w and 253?
23
Let h be 194/22 + (-34)/(-187). What is the greatest common factor of 18 and h?
9
Suppose 0 = -n + q + 15, 4*n + q - 46 = -1. Suppose c = 5*o - 60, 2*o + 3*c - 4*c - 24 = 0. Calculate the highest common divisor of n and o.
12
Let k be 1 + (-57 + -1)/(-2). Let p = 44 + -28. Let r = k - p. What is the highest common factor of r and 56?
14
Let j(g) = 91*g**2 - 8*g - 1. Let q be j(4). Suppose q = 4*r + 3*d, -5*r + 3*d = d - 1750. Calculate the greatest common factor of 32 and r.
32
Let h(b) = 2*b**2 - 9*b + 2. Let n be h(8). Let i = n - 31. Suppose -3*l + 5*l - i = -3*v, 0 = 2*v + l - 18. Calculate the greatest common divisor of 36 and v.
9
Let m(h) = -4 + 6*h - h**2 - 2*h + 6*h. Let o = -33 + 39. Let w be m(o). Calculate the greatest common divisor of w and 160.
20
Let d = 108 + -59. What is the greatest common factor of d and 98?
49
Suppose 2*w + 28 = 4*w. Let v(c) = c**2 + 3*c - 12. Let f be v(8). Suppose -2*x = -216 + f. What is the greatest common factor of x and w?
14
Suppose 3*f - 4*f = -12. Let o be (-12)/2*1/(-2). What is the highest common factor of f and o?
3
Suppose 0 = -3*f + f - 5*u - 17, 4*f = 4*u + 36. Let c(j) = j**2 + 3*j + 3. Let x be c(-2). Let o = x + f. What is the greatest common factor of o and 40?
5
Let c be (-57 - -7)/((-1)/1). Suppose 3*i - c = i. Let w(j) = 2*j. Let s be w(5). Calculate the greatest common divisor of i and s.
5
Suppose 5*z + g + 0*g = 91, 5*z - 4*g - 86 = 0. Let k = 806 + -471. Let w = k + -191. What is the highest common divisor of z and w?
18
Suppose 0 = 4*b + 1 - 33. Calculate the highest common divisor of 4 and b.
4
Let f = -6 + 18. Calculate the greatest common factor of 12 and f.
12
Let r(x) = -x**3 - 7*x**2 - x + 7. Let s be r(-7). What is the greatest common divisor of 7 and s?
7
Suppose -4*r = -5*h - 52, 4*r = -h + 64 + 12. Suppose 4*u + 20 = 0, -3*u - 42 = -5*a + 33. What is the highest common divisor of r and a?
6
Let t = -47 - -83. Calculate the greatest common divisor of 4 and t.
4
Suppose h = 5*a - 1, -3*h + h - 2 = 0. Suppose a = 4*x + x - 110. Calculate the greatest common divisor of 176 and x.
22
Let h = 7 + -23. Let n = h + 6. Let u be n/45 + (-994)/(-18). What is the greatest common factor of u and 5?
5
Let j(u) = 39*u + 1. Let z be j(-1). Let i = -29 + z. Let b = -4 - i. Calculate the greatest common factor of 7 and b.
7
Suppose -1180 = -4*v - 4*s, 4*s - 170 = -3*v + 713. What is the highest common divisor of v and 33?
33
Suppose -7 = -p + 1. Suppose 4*f - t - 4*t + 9 = 0, p = -3*f + 4*t. Let u be (3 - f)/((-1)/2). Calculate the greatest common factor of 6 and u.
2
Suppose -5*k = -2*k. Suppose 8*x - 5*x - 45 = k. What is the highest common factor of x and 90?
15
Let k = -2 + 9. What is the greatest common factor of k and 77?
7
Let g be (-4)/5*(-20)/8. Suppose -a + 10 + g = 0. Suppose l - 5*l + 12 = 0. Calculate the highest common factor of a and l.
3
Let n = 26 + -9. Calculate the greatest common factor of 85 and n.
17
Let p(m) = m**2 - 6*m - 7. Let l be p(10). Calculate the greatest common divisor of l and 22.
11
Suppose -4*c - 4*h - 4 = -28, -2*h + 20 = 4*c. Let y be (55/10 + -4)/((-6)/(-16)). What is the greatest common divisor of y and c?
4
Suppose o - 31 = -3. Let q be (3 + -1)/((-5)/(-630)). What is the greatest common divisor of q and o?
28
Suppose -3*x + 79 = 2*h - 220, 100 = x + h. Let b be (-150)/(-14) - 2/(-7). What is the greatest common factor of b and x?
11
Let r = 101 - 57. Calculate the highest common divisor of r and 44.
44
Let x(l) = l**2 + 10*l - 32. Let r be x(8). What is the highest common factor of 14 and r?
14
Let f = 11 - 7. Suppose 3*v + f*l - 44 = 0, 61 = 6*v - 2*v + 3*l. What is the highest common factor of 144 and v?
16
Let o(n) = 1 + 9*n - 8*n + 6*n. Let v be o(2). Calculate the greatest common factor of 5 and v.
5
Suppose 11 = 4*w - 5. Suppose 2*n - 2*t - 34 = 2*t, 61 = 5*n - w*t. Calculate the greatest common divisor of n and 72.
9
Let f(q) = -2*q - 10. Let j be f(-7). Suppose -5*h = a + 9, 2*a - j*h = -3*a + 42. Calculate the highest common divisor of a and 54.
6
Let m = -12 + 22. Let x = -8 - -13. What is the greatest common factor of m and x?
5
Suppose v = 3*v - 224. Suppose 0 = -4*b + 4*p + 56, b - 2*p = p + 14. Calculate the highest common factor of v and b.
14
Let s(r) = -11*r - 5. Let h be s(-2). What is the greatest common divisor of 51 and h?
17
Let w(d) = -4*d**2 - 3*d + 3. Let f be w(2). Let m = 1 - f. Let i be m*((-3 - -4) + 1). What is the highest common divisor of i and 60?
20
Suppose -4*x + 98 = -30. Let a(f) = -f**2 - 8*f - 6. Let j be a(-6). Let y(l) = l**2 - 6*l + 8. Let c be y(j). What is the greatest common factor of c and x?
8
Let g be 18 + (-8)/(-4)*1. Calculate the greatest common divisor of 4 and g.
4
Suppose -16 = -2*b - 2*s, 2*b + 4*s + 2 = 8. Let d be 5/5*28/2. Let a = d + b. Calculate the highest common divisor of 3 and a.
3
Suppose 0*w - 18 = -3*h - 3*w, 0 = -3*h - 4*w + 19. Suppose 20 = 3*a + h. What is the highest common divisor of 35 and a?
5
Let l = -6 + 34. Let o(q) = q**2 - q - 5. Suppose 0 = 5*t - 3*g - 20, 3*t - 22 + 10 = 4*g. Let x be o(t). What is the highest common factor of x and l?
7
Let k(i) = i**3 + 7*i**2 + i + 4. Let a be k(-7). Let f(t) = -2*t**3 - 4*t**2 + t + 2. Let m be f(a). Calculate the greatest common divisor of m and 136.
17
Let v be 1*(3 - 5 - -1). Let a = -43 - -31. Let u be v/(-4) - 225/a. What is the greatest common divisor of 171 and u?
19
Let d = 63 + -30. Let v = 24 - 14. Let i be v - 2/(0 - 2). Calculate the highest common factor of i and d.
11
Let